ghest common factor of 99 and m?
9
Suppose j - 30 = -4*j. Let o(h) = 5*h**2 + 10*h + 12. Let f be o(-6). Suppose 5*m - f = -3*z, m + z - 20 = 2*z. Calculate the greatest common factor of j and m.
6
Suppose -2*i - 3 = s - 3*i, -2*i = -10. Suppose 0*t + 3*m - 135 = -s*t, -65 = -t - 4*m. Suppose -2*o = o - t. What is the greatest common divisor of 23 and o?
23
Let t(o) = 2*o**2 + 6*o - 7*o - o**2 - 2. Let s be t(11). Let i be (-6 - -7)*6*2. What is the greatest common divisor of s and i?
12
Suppose o = 5*o + 24. Let f be (o - 4)*32/(-5). Suppose 3*q + f = n, -3*q - 288 = -4*n - 7*q. Calculate the greatest common divisor of n and 14.
14
Suppose -37*j + 2547 + 931 = 0. Calculate the highest common factor of 3478 and j.
94
Suppose x + 4*p - 2 = 0, -5*x + x - 5*p + 19 = 0. Let y = -611 + 629. Calculate the highest common factor of x and y.
6
Let x(h) = -8*h - 15. Let n be x(-6). Let g = 3 + n. Let u(k) = k**3 + 6*k**2 - 8*k + 5. Let d be u(-7). Calculate the highest common divisor of d and g.
12
Let a(l) = 55*l - 412. Let t be a(10). What is the highest common factor of t and 345?
69
Let q(i) = i**3 + 35*i**2 - 2*i - 60. Let d be q(-35). What is the greatest common factor of 430 and d?
10
Suppose 9*k - 6 = 6*k. Let q be (0 - 2) + k + 64. Calculate the greatest common factor of 8 and q.
8
Let j be (-5)/((-10)/(-3))*-24. Suppose 2*d = -d + j. Let y be (8/d)/((-2)/(-6)). What is the highest common divisor of y and 5?
1
Suppose -4*k - 8 + 28 = 0. Suppose -f = -k*f + 140. Let h = 420 - 415. What is the greatest common divisor of h and f?
5
Let q(d) = -d**3 - 8*d**2 - 8*d + 5. Let a be (21/9)/(2/(-6)). Let y be q(a). What is the highest common divisor of y and 192?
12
Let s = -24 - -45. Suppose k + 1 = s. Calculate the greatest common divisor of 5 and k.
5
Let s be 16/(-28) - 92/(-14). Suppose -3*v + s = b + 19, 2*b - 5*v = 18. Let z be ((20 + -3)*-1)/b. Calculate the greatest common divisor of z and 68.
17
Suppose -2*w + 5 = 4*y - 23, 2*y + 3*w = 22. Suppose p + y*o = -4*p + 200, 4*p = o + 135. What is the greatest common divisor of 7 and p?
7
Let r = -48 - -48. Suppose -u - 16 + 3 = 0. Let k = r - u. Calculate the greatest common factor of 52 and k.
13
Let t be 3/12 + 452/(-16). Let h = 18 + t. Let v = -8 - h. Calculate the highest common divisor of 5 and v.
1
Suppose -5*k + 3 = o, 16*k - 12*k = 3*o - 9. Calculate the highest common divisor of o and 6.
3
Let m(y) be the third derivative of y**6/120 + 3*y**5/10 - 13*y**4/8 + 29*y**3/6 - 18*y**2. Let l be m(-20). Calculate the highest common factor of 1 and l.
1
Let n(l) = -l + 14. Let g be n(10). Suppose 2*y - g*y = -120. Suppose 10*z - 5*z = y. Calculate the greatest common divisor of z and 18.
6
Suppose -38*q - 3*q + 943 = 0. Let d be 3*1/(-3)*-23. Calculate the greatest common factor of d and q.
23
Let z be 6/(-4)*32/(-6). Suppose -180 = -2*o - 36. What is the highest common factor of z and o?
8
Suppose -2*x + 7*x - j = -133, x = j - 29. Let r be (13 + -8)*x/(-10). Calculate the highest common factor of r and 13.
13
Suppose 0*u + 2*u = 230. Let f be (32/(-40))/(2/5) - -3. Suppose -t + 24 - f = 0. Calculate the highest common factor of u and t.
23
Let h be (-122)/(-8) - (42/(-24))/(-7). Calculate the highest common divisor of 135 and h.
15
Suppose 0 = 2*r + 1 - 19. Let g(k) = -3*k**3 - 3*k**2 + 8*k + 22. Let w be g(-2). Calculate the highest common factor of w and r.
9
Let w(b) = 2*b**3 - b + 36. Let a(q) = q**2 + 12*q + 20. Let y be a(-10). Let v be w(y). What is the highest common factor of 54 and v?
18
Suppose -3*y + 142 + 20 = 0. Suppose 14 = 3*b - 4. Calculate the highest common factor of y and b.
6
Suppose -44*n + 9504 = -0*n. Suppose 0 = s + s - 24. What is the greatest common factor of s and n?
12
Let i be 4/(-1) - 2*-9. Let v = -5 + i. Suppose -3*u + 7 = -2. What is the greatest common divisor of v and u?
3
Let x(o) = -72*o + 80. Let i be x(-2). What is the highest common divisor of 84 and i?
28
Let s be 448/80*(-35)/(-2). Calculate the greatest common factor of 140 and s.
14
Suppose 0 = -4*t - 20 + 36. Suppose 8*g - t*g = 48. Suppose -a - g = -5*a. Calculate the greatest common divisor of 6 and a.
3
Let a = 5721 + -3821. Let h be (8/(-20))/((-5)/a). Calculate the greatest common divisor of 19 and h.
19
Let l be (-1)/((-2)/(4 - -24)). Let g = l + -12. Calculate the greatest common divisor of 14 and g.
2
Let m(i) = 1. Let q(c) = -c**2 + c + 97. Let b(s) = m(s) - q(s). Let z be b(0). Let y be 1/(-2)*(z - -4). Calculate the highest common divisor of y and 23.
23
Let o be (-1 - (2 + -1))/(-1). Suppose -25 = -q + t, -2*q - 3*t = -o*t - 59. Let w = 93 - 86. Calculate the greatest common factor of w and q.
7
Suppose -560*i + 568*i = 1184. Calculate the greatest common divisor of i and 111.
37
Suppose -a = 4*c - 154, -3*c - 5*a = -1597 + 1507. Let l = -68 - -148. What is the greatest common divisor of l and c?
40
Let f(j) = j + 3. Let g be f(7). Suppose -4*k = -k - 735. Suppose -3*l = -g*l + k. Calculate the greatest common divisor of l and 14.
7
Let k(n) = -n + 147. Let o be k(0). Suppose 3*t = 4*t - 164. Let r = -143 + t. What is the greatest common factor of r and o?
21
Let q = 226 - 221. Calculate the highest common factor of 95 and q.
5
Suppose -5*m = 3*y - 27 - 7, 5*y - 38 = m. Let i = 459 - 243. Suppose 0 = -d - 2*d + i. Calculate the greatest common divisor of d and y.
8
Let o(g) = 3*g + 34. Let s be o(-10). Suppose -5*a - 4*n + 36 = 0, 2*n - 24 = -a - 3*a. Calculate the greatest common factor of a and s.
4
Let r(k) = k**3 + 26*k**2 + 76*k + 123. Let s be r(-22). Calculate the greatest common factor of s and 54.
9
Suppose 0 = -4*h + 39 + 57. Suppose h*k - 20*k = 152. Calculate the greatest common divisor of k and 2.
2
Let o(p) = 2*p**2 + 7*p - 2. Let n be o(-8). Suppose s = 3*h - 310, 2*h - 5*s - 190 = -s. What is the greatest common divisor of h and n?
35
Suppose -4*x - 4 - 4 = -5*p, 3*p = x + 9. Suppose -5*k - 66 = -3*k. Let s = k + 54. Calculate the highest common divisor of s and x.
3
Suppose -3*i = -0*i - 12. Let f be (4/8)/((-4)/(-40)). Suppose 0 = 2*l + d + i*d + 1, -f = d. Calculate the greatest common divisor of l and 132.
12
Let x = -408 - -474. What is the greatest common factor of 12 and x?
6
Let b(q) = 4*q**3 - 2*q**2 - q - 2. Let w be b(-2). Let g be w/12*156/(-10). Calculate the greatest common divisor of g and 39.
13
Let x be 60/12*1/((-2)/(-8)). Calculate the highest common divisor of 145 and x.
5
Suppose -54*o + 390 = -42. Calculate the greatest common factor of o and 584.
8
Let f = 14 + -14. Suppose f = -4*x + 41 + 79. What is the greatest common factor of 10 and x?
10
Suppose -3 = d + 2*s - 5, -4 = -2*s. Let o be 1/d*(-12)/3. Suppose -5*v = 3*q - 5*q - 40, 0 = -o*q. What is the greatest common divisor of v and 8?
8
Let d(f) = 3*f**2 + 5*f + 6. Suppose -5*w + 0 + 102 = -2*g, 5*g = w - 25. Let i be w/2*(-1)/2. Let a be d(i). What is the highest common divisor of a and 14?
14
Let p(d) = -21*d - 7. Let t be 8/28 - (-69)/(-21). Let v be p(t). What is the greatest common divisor of v and 8?
8
Let d(j) = 8*j**2 - 9*j - 8. Let p be d(-3). What is the highest common divisor of p and 14?
7
Let x(a) = a**3 + 12*a**2 - 18*a - 11. Let s be x(-13). Let y be (729/s)/(2/12). Calculate the greatest common divisor of y and 27.
27
Suppose -4*w + 124 + 212 = 0. Let t be w/(2/6*(-6)/(-4)). What is the highest common divisor of 112 and t?
56
Let m be 4 + 82 + -5 + 0. Suppose 0 = -76*y + m*y - 110. Calculate the greatest common divisor of y and 33.
11
Let m be (-18)/(-12) - (-3)/(-6). Let g(x) = 7*x - 2. Let y be g(m). Calculate the greatest common factor of 25 and y.
5
Suppose 2*r - 14 = 2*y - 82, 6*y - 259 = -5*r. Calculate the highest common factor of y and 33.
3
Suppose 3*c - a - 123 = 2*a, -5*c + a + 217 = 0. Let b = 276 + -265. What is the highest common factor of b and c?
11
Let k = -5 - -7. Let n be 1*((2 - 17) + k). Let x = -9 - n. What is the greatest common factor of x and 20?
4
Suppose -3*s + 2*u + 96 = 0, 88 = 5*s + 4*u - 50. Let h = -87 - -84. Let c be 17 - 25/((-15)/h). Calculate the highest common divisor of s and c.
6
Let t(m) = -m**3 + 23*m**2 - 21*m - 3. Suppose 5*b - 129 + 19 = 0. Let u be t(b). Calculate the greatest common divisor of 190 and u.
19
Let x(d) = -41*d - 184.